st the prime factors of s.
2, 5
Let a(p) = p**3 + p + 31. What are the prime factors of a(0)?
31
Let m be (-6)/10 - 36/(-10). Suppose -m*d + 5*i - 20 = 0, -12 = 2*d + d - 3*i. Let s = d + 5. List the prime factors of s.
5
List the prime factors of 939/15 - 2/(-5).
3, 7
Let f = -36 - -57. List the prime factors of f.
3, 7
Let j = 57 - 101. Let x = j - -66. What are the prime factors of x?
2, 11
Let c(k) = -k**2. Let r be c(-2). Let q(i) = -2*i. Let n be q(r). What are the prime factors of -6*-1*n/6?
2
What are the prime factors of (-17)/((-3)/(-18)*-3)?
2, 17
Suppose -5*c = 2*h - 10 - 1, h + c - 4 = 0. Suppose h*o + o + 16 = 0, o - 96 = -4*n. What are the prime factors of n?
5
Let g(f) = 3*f**2 - f - 5. List the prime factors of g(4).
3, 13
Let q(d) = -d. Let u(r) = -7. Let p(b) = q(b) - u(b). Let v = 10 - 19. What are the prime factors of p(v)?
2
Let j(n) = -n**2 + 5*n + 4. Let g be j(5). Suppose 2*a + 0*a = g. What are the prime factors of a?
2
Suppose -2*b = 9 - 29. What are the prime factors of b?
2, 5
Let f(r) = r**2 + 3*r - 6. Let a(w) = w**2 + 6*w + 2. Let z be a(-4). What are the prime factors of f(z)?
2, 3
Suppose -3*g = 2*h - 207 - 140, -4*g = -5*h - 455. What are the prime factors of g?
5, 23
Let i = 281 - 41. What are the prime factors of i/9 + 4/(-6)?
2, 13
Let h be (-2 - -1 - -11)/2. Suppose -h*g = -7 - 43. List the prime factors of g.
2, 5
Let l(r) = -3*r - 2. Let u(m) = -4*m - 3. Let x(v) = -3*l(v) + 2*u(v). Let o = 7 - 2. What are the prime factors of x(o)?
5
Suppose 4*d - 3*t + 689 = 36, -3*d - 497 = 5*t. Let h be (-4)/10 - d/10. Suppose -3*x = h - 46. List the prime factors of x.
2, 5
Let k = -72 + 119. Let i = k - 2. What are the prime factors of i?
3, 5
Let v be -3 - (-3)/(3 - 2). Suppose 0 = -2*r - v*r + 18. What are the prime factors of r?
3
Let c = 1031 - 733. What are the prime factors of c?
2, 149
Suppose -4*o = -o. Let w = o + 12. Suppose 0 = -n - 2*n + w. What are the prime factors of n?
2
Let k(p) = p + 10. Let y be k(-7). Suppose -y*x - c = -30, -2*x - 4*c + 2*c + 24 = 0. What are the prime factors of x?
3
Let p(a) = a**3 + 9*a**2 + 4*a + 2. What are the prime factors of p(-6)?
2, 43
Let u(d) = 2*d + 2. Let k be u(3). Suppose -v = 3*q - k, 104 - 7 = 5*v - 4*q. List the prime factors of v.
17
Suppose 0 = -33*n + 25*n + 920. What are the prime factors of n?
5, 23
What are the prime factors of (2/(-8) + 462/24)*2?
2, 19
Let z = 7 - 2. List the prime factors of z.
5
Let g(i) = -7*i**3 - 25*i**2 - 3*i - 24. Let o(t) = -3*t**3 - 12*t**2 - 2*t - 12. Let d(n) = -4*g(n) + 9*o(n). What are the prime factors of d(9)?
3, 5
Let k(w) = 30*w**2 + w - 2. What are the prime factors of k(2)?
2, 3, 5
Let d be 1 + 2*-1 + 21. Suppose -4*y + d = 2*z, -4*z - 2*y = -z - 14. Suppose c + 5 = z*c. What are the prime factors of c?
5
Let k be (-112)/6*(-90)/35. Suppose -2*a - 2*a + k = -4*f, f = 1. List the prime factors of a.
13
Let q(x) = x**3 - x**2 - x - 1. Let k(g) = 5*g**3 - 9*g**2 - 2*g - 3. Let z(b) = -k(b) + 4*q(b). What are the prime factors of z(3)?
11
Suppose -c + 5*o = -71, -2*c = 2*o - 104 - 26. List the prime factors of c.
2, 3, 11
Let f be 2 - (-3 - (-3 - -1)). Suppose 15 = f*t - 30. List the prime factors of t.
3, 5
Let d(n) = 15*n**2 + 3*n + 1. What are the prime factors of d(-2)?
5, 11
Let f(y) = y**2 - 6*y + 7. Suppose 2*g + 10 = 4*g. List the prime factors of f(g).
2
Let t(o) = -5*o + 27. What are the prime factors of t(-10)?
7, 11
Let n = -364 + 512. Suppose -2*i - n = -4*i. Suppose -5*b = 4*r - 3*r - i, 68 = 4*b + 3*r. What are the prime factors of b?
2, 7
Let f be (12/(-18))/(2/3). Let r be 4 - f/(-2)*-2. Let s(a) = -a**2 + 6*a. What are the prime factors of s(r)?
5
Let r = 0 + 11. Suppose -2*o + 13 = -r. What are the prime factors of o?
2, 3
Let d be (-6)/5*(-5)/2. Suppose 0*u + 5*q - 3 = -u, 0 = -3*u + d*q + 45. What are the prime factors of u?
13
Suppose 3*v = 3*u + 63, 4*u + 12 = v - 18. List the prime factors of v.
2, 3
Let f = 38 - 1. List the prime factors of f.
37
Let l(p) = 3*p**2 - 2*p + 1. Let o be 10/4*24/30. Suppose -5*v - o*g = 0, -4*v - 6*g = -2*g - 12. What are the prime factors of l(v)?
17
Let j be 9 + -12 - (-12 - -1). Let r = 1 + j. List the prime factors of r.
3
Let c(i) = 43*i - 5. What are the prime factors of c(4)?
167
Suppose -3*o + 23 = 5*i, 0 = -2*i + 2*o - 2 + 8. Suppose i*d = 17 + 7. List the prime factors of d.
2, 3
Suppose 2*a - 1 = -5. Let b be a/7 - 78/21. Let y = 3 - b. List the prime factors of y.
7
Suppose v - 5*i = 3*v - 29, 5*v - 20 = -2*i. Suppose 0 = v*s - 43 - 5. List the prime factors of s.
2, 3
Let d be (2 + (-1 - 2))*1. Let v = -1 - d. Suppose 5*f - 36 - 24 = v. List the prime factors of f.
2, 3
Let q = 2 - -2. List the prime factors of (14/4)/(2/q).
7
Suppose 0 = 8*f - 13*f - 10. List the prime factors of 35 - (0/f)/4.
5, 7
Suppose 5*l - 8 - 5 = 4*s, -s = -l + 2. Suppose -3*b + 4*j + 5 = -11, 0 = -j + 2. Suppose z = -l*p + b, -8 = -z - 0*p - 2*p. What are the prime factors of z?
2
List the prime factors of 142*(-3 + 2)/(-2).
71
Suppose 3*n = 61 - 7. What are the prime factors of n?
2, 3
Suppose -2*x + 0*x + 3*w = -70, 156 = 4*x + 2*w. List the prime factors of x.
2, 19
Let g = 0 - -16. What are the prime factors of g?
2
Suppose -5 = 2*o - 3*o. Suppose 5 = o*q - 20. What are the prime factors of q?
5
Suppose 2*n + 2 + 0 = 0. Let u(w) be the third derivative of -w**6/20 - w**4/24 - w**2. List the prime factors of u(n).
7
Let r = 1 + 4. Suppose -r*d + d + 256 = 0. Suppose 4*x - 5*y + 2 = d, 26 = 2*x - 5*y. List the prime factors of x.
2, 3
Let j be 134/6 - 2/(-3). Let y = -13 + j. List the prime factors of y.
2, 5
Let v = -139 + 281. What are the prime factors of v?
2, 71
Let w(q) = q**2 + 7. Let v be w(0). Let j = 7 - v. List the prime factors of (j - -1) + (7 - 6).
2
Let t(s) = -4*s + 1. Let a be (-12)/(-66) - (-46)/(-11). List the prime factors of t(a).
17
What are the prime factors of (-2 - (-20)/(-1))*(2 - 10)?
2, 11
Let h be ((-1)/(-3))/((-7)/105). Let b = h + 1. What are the prime factors of b*8/(-2)*1?
2
Let b(p) = p**3 - 4*p**2 + 3. Let c be b(4). List the prime factors of (c/6)/(3/72).
2, 3
Let j(q) = q**2 - q - 1. Let g(n) = -2*n**2 + 3*n. Let v be 1/((14/(-4))/(-7)). Let t be g(v). List the prime factors of j(t).
5
What are the prime factors of -33*(1 + 5/(-3))?
2, 11
Let v(z) = 6*z - 1. What are the prime factors of v(4)?
23
Let h(a) = 2*a + 10. Let q be h(-5). Suppose q = -3*l + 4*l - 8. What are the prime factors of l?
2
Let z be ((-6)/(-10))/((-3)/(-15)). Let q(v) = -v**3 - 6*v**2 - 7*v - 3. Let n be q(-5). Suppose 5 = z*w - n. List the prime factors of w.
2
Let t(u) = 3*u**2 - 1 + 0 - 4*u - 4*u**2. Suppose 0 = 5*z + 24 - 9. What are the prime factors of t(z)?
2
Let f = 40 + -25. What are the prime factors of f?
3, 5
Let m(c) be the first derivative of -7*c**5/60 - c**3/3 - 1. Let a(t) be the third derivative of m(t). What are the prime factors of a(-1)?
2, 7
Let s(c) = c**2 - 7*c + 4. Let j be s(6). What are the prime factors of 0 + -1 - (j + -8)?
3
Suppose 2*k = -6, 3*w + 54 = -0*w - 5*k. Let p = w + 19. Suppose -i = -p*i + 25. List the prime factors of i.
5
Suppose -5*m = -8 - 42. Let d = 6 - 4. Let r = m - d. List the prime factors of r.
2
Let y = 1 - -1. List the prime factors of 1*y/4*14.
7
Let l = -11 - 1. Let u = l + 22. List the prime factors of u.
2, 5
Let w be (-20)/15*(3 + 0). Let g(n) = -14*n - 7. What are the prime factors of g(w)?
7
Suppose 3*k = -4*n + n + 666, -1116 = -5*n - 2*k. What are the prime factors of n?
2, 7
Let x(k) = -k**2 - k + 1. Let h = 0 - -1. Let d(y) = 5*y**2 + 8*y - 7. Let o(w) = h*d(w) + 3*x(w). What are the prime factors of o(-4)?
2
Suppose -26 = -3*a + 58. Suppose -3*l + 27 = -12. Let g = a - l. List the prime factors of g.
3, 5
Let j = 60 + -42. What are the prime factors of j?
2, 3
Suppose -6 = -3*z - 0. Let j(i) = 2*i**2 + z + i - i**2 + 5*i**2 - i**3. List the prime factors of j(6).
2
Suppose 4*d + 12 = -0. Let c = d - -5. Suppose 3*z - 6 = -b - c*b, z + 4*b - 2 = 0. What are the prime factors of z?
2
Let i = -12 - -17. What are the prime factors of i?
5
What are the prime factors of 2/7 - 304/(-14)?
2, 11
List the prime factors of (-30)/50 + 628/5.
5
Suppose -5 = 2*w - 15. Suppose w*s - 4*s = 3. Let g(r) = r**2 - 2*r